w/(-3)?
2
Suppose -i - 2*i + 9 = 0. Suppose y - 16 = -i*y. Suppose -5*d + 10*d - 6 = 2*w, 30 = 2*w + y*d. What is the units digit of w?
7
Let d(n) = 226*n + 10. Let y(q) = 225*q + 9. Let i(j) = -3*d(j) + 4*y(j). What is the units digit of i(1)?
8
What is the tens digit of (1 + 0 - 0) + (-36300)/(-100)?
6
Let p(f) = -10*f**2 + 11*f - 38. Let a be p(5). Let u = -122 - a. What is the tens digit of u?
1
Let v(h) = h**3 - 3*h**2 + 2*h - 1. Let i be v(3). Suppose i*f + 71 = -109. Let n = f - -65. What is the units digit of n?
9
Suppose t + 0*t = -43. Let v(m) = m**2 + 7*m - 14. Let f be v(-13). Let h = f + t. What is the units digit of h?
1
Let a = -544 + 181. Let t be a/(-4) + (-4)/(-16). Suppose -5*r + t = -79. What is the units digit of r?
4
Suppose -5*i + 2*s + 33 = 0, -i - s + 17 = -4*s. Suppose 986 - 206 = i*h. Let q = -93 + h. What is the tens digit of q?
6
Let n = -23 + 11. What is the units digit of 5 + 3 + 3 + n/4?
8
Let r = -12 + 8. Let k be r/(-18) + (-1498)/(-63). Suppose 2*c - k + 8 = 0. What is the units digit of c?
8
Suppose 3 - 7 = -4*s. What is the units digit of 210/(-4)*(s - -1 - 4)?
5
Let d(h) = -h**2 - 6*h - 6. Let g be d(-4). Let j(x) = x**3 + 2*x**3 + 4*x**2 - 4*x**3 + 9*x**g - 7*x - 1. What is the tens digit of j(12)?
5
Let x(k) = 4*k + 1. Let v be x(7). Let b be (-3 - (-34)/4)*-2. Let u = v + b. What is the units digit of u?
8
Suppose -5*r + 4*j = -1048, 0*j = 2*r + 2*j - 412. What is the tens digit of r?
0
Let a(t) = -t**2 + 17*t + 4. Let s be a(17). Suppose -k - 2*c + 36 = 0, -s*c + 124 = 3*k + k. What is the tens digit of k?
2
Suppose -2*j + 638 = 4*m, -8*m + 3*m + 642 = 2*j. What is the units digit of j?
1
Suppose -135*t + 465186 = -53*t. What is the thousands digit of t?
5
Let u = -795 + 1762. What is the tens digit of u?
6
Suppose 7*k + 9 = 10*k. Let w(s) = 4*s**2 - 2*s - 5. Let y be w(5). Suppose 0 = -4*j - k*a + y, 3*j + 6*a - 3*a - 66 = 0. What is the units digit of j?
9
Suppose 0 = 3*s - 6 - 6, 3*q - 11 = -2*s. What is the units digit of q/2 + 3/(-12)*-374?
4
Suppose -31 = x - 5*k, 2*x + 18 + 30 = -4*k. Let n = 43 + x. Let s = n + 28. What is the tens digit of s?
4
Suppose -2*p + 8 = 0, -24 = -5*c - 2*p - 1. Let n be (10/c)/((-4)/(-6)). Suppose -2*k - n = -13. What is the units digit of k?
4
Suppose -5*g - 64 + 309 = 0. What is the tens digit of g?
4
Let o(x) = x - 13. Suppose 5*a = 15 + 50. Let s be o(a). Suppose s = 2*k + 1 - 3, -2*k - 10 = -2*l. What is the units digit of l?
6
Suppose 0 = l + 5*m + 22, 0*m + 4*m - 64 = 4*l. Let w = 24 + l. What is the tens digit of 176/w + (-2)/14?
2
Let q(m) = -m**2 - 9. Let i be q(7). Let n = i + 135. Suppose -n = -2*l - 3. What is the units digit of l?
7
Suppose 0 = -4*v + 8*r - 4*r + 428, 2*v - 211 = 5*r. Let m = -57 + v. What is the units digit of m?
1
Suppose -3 = 2*o - k + 2, 2*k - 10 = 5*o. Suppose 0*h - h - 25 = 3*w, 5*w - h + 39 = o. Let s(r) = r**2 + r + 6. What is the tens digit of s(w)?
6
Let o(q) = 34*q**2 - 3*q - 3. Let t be o(-1). Suppose -7*m = -6*m - t. What is the tens digit of m?
3
What is the tens digit of -2*-1*3/(-15)*-485?
9
Let s(u) = -u**2 - 4*u + 5. Let r = -5 + 1. Let y be s(r). Suppose 2*d + d - 55 = -2*x, y*x - 134 = -4*d. What is the tens digit of x?
2
Let j(f) be the second derivative of 3*f**5/20 - f**4/4 + f**3/2 + 2*f**2 + 17*f. What is the units digit of j(3)?
7
Suppose t + 7 - 50 = 4*p, 2*t = 2*p + 26. What is the units digit of (12/p)/((-4)/150)?
5
Suppose -12*q - 108 = -16*q. What is the tens digit of (q/4)/((-7)/(-28))?
2
Let c be (-10)/4*(-4)/5. Suppose 0 = -2*d - c. What is the units digit of (-2 + 2)/d + 22?
2
Let i(x) = 9*x + 23. What is the units digit of i(5)?
8
Let d be 35/(-10)*(-40)/7. Let r be d*((-3)/6)/(-1). Suppose r*y = 8*y + 106. What is the units digit of y?
3
Let u = 504 - -547. What is the hundreds digit of u?
0
Suppose -3*x = 2*j - 1881, 78 = 2*x - j - 1176. What is the hundreds digit of x?
6
Let w = 979 + -572. What is the units digit of w?
7
Suppose 2*d - 16 = -0*d. Let u(m) = -m**3 + m**2 + 5*m - 9. Let g be u(-3). What is the tens digit of d/g*(-4 + 70)?
4
Let d(m) = 2*m**2 + m + 6. Let r be d(-5). Let v = r - 27. What is the units digit of v?
4
Suppose q + 11 = 3*l + 152, -4*q = l + 47. Let u = l + 96. Suppose 291 = 5*j + 4*n, -u = -j + 5*n + 15. What is the tens digit of j?
5
Suppose 2*q - 25 = -5*i, 2*q + 0 + 2 = 4*i. Let z be ((-2)/i)/((-4)/6). Suppose 2*l - 2*r = 48, z - 10 = -l - 4*r. What is the tens digit of l?
2
Suppose 30*w - 33*w = -3. Let x(r) = 14*r + 2. Let k be x(2). What is the units digit of 1 + k - 3/w?
8
Let w = 1806 - 167. What is the hundreds digit of w?
6
Let u be 0 + (4 - (-2 - -4)). Suppose u*g - 111 = -g. What is the units digit of g?
7
Let a = 150 - 91. What is the units digit of a?
9
Suppose 64*b = 25*b + 85332. What is the units digit of b?
8
Let z = -5 - -10. What is the units digit of z?
5
Let y = -437 - -1460. What is the units digit of y?
3
Suppose -5*w + 4*n = -22741, 12 - 9098 = -2*w - n. What is the units digit of w?
5
Let n(w) = -w**2 - 26*w - 8. What is the tens digit of n(-10)?
5
Suppose 0 = -n + 3, -3*n + 71 = -5*y - n. Let j(s) = 2*s**2 + 17*s - 19. What is the tens digit of j(y)?
9
Let v(g) = -g + 9. Let s be v(-5). Suppose 78 = 4*n + s. What is the tens digit of n?
1
Let z(h) be the third derivative of 1/8*h**4 + 0 + 0*h - 1/60*h**5 + 10*h**2 + 1/2*h**3. What is the units digit of z(3)?
3
Let h be ((-6)/4)/(2/(-4)). Suppose -5*u + z - 4 = 0, -2*z = h*z - 20. Suppose u = v - 5*v + 48. What is the units digit of v?
2
What is the tens digit of (312/(-30))/(1/(-15)) - 0?
5
Let i = 3529 + -1471. What is the thousands digit of i?
2
Suppose q + 3*q - 26 = -x, -3*q + 9 = -x. Suppose s + 4 = x. Suppose -s*p - 2 = 0, -3*y - 4*p - p + 85 = 0. What is the units digit of y?
0
Suppose -18*j + 18 = -12*j. Suppose 158 = j*h - i, 0 = 5*h - 3*i - 211 - 55. What is the tens digit of h?
5
Let n(v) = 9*v**2 - 3*v + 8. Let b be n(4). Suppose 3*l = -2*j + 142, 0 = 3*j - j + 4*l - b. What is the tens digit of j?
7
Let i = 13 + -13. Let k = -1 + i. What is the tens digit of ((-56)/(-2))/(3 + k)?
1
Let y be -4 + (-35)/(-5) + -3. Suppose y = 4*o + 4*r + r - 181, 248 = 5*o - r. What is the tens digit of o?
4
What is the thousands digit of -7 - (-8 - -3 - 1167)?
1
What is the tens digit of 14725/15 - (-8)/24?
8
Let d(u) = 6*u**2 + u - 2. Let b be d(-1). Suppose -54 = -3*j - b*l, -j + 20 = 4*l - 1. What is the tens digit of j?
1
Let r(t) = 2*t**2 - 7*t - 19. Let i(b) = b**2 - 3*b - 9. Let z(y) = 13*i(y) - 6*r(y). What is the tens digit of z(-8)?
3
Suppose l = -17 - 145. Let c = -91 - l. Suppose x - c = y - 3*y, 28 = y - x. What is the tens digit of y?
3
Let f be 1*(-8)/(-12)*3. Suppose f*j - 66 = j. What is the units digit of j?
6
Let f be (1/(-3))/((-2)/6)*62. Let j = -56 + f. What is the units digit of j?
6
Suppose -81*i + 31684 + 129020 = 0. What is the hundreds digit of i?
9
Let i(j) = j**2 + 10*j + 7. Suppose 2*d - 14 = -2*r, -d = -2*r - 3*r + 11. Suppose 0 = 5*x + r*c + 47, -c - 9 + 30 = -2*x. What is the units digit of i(x)?
7
Suppose -4*v = -2*p + 20, 0*p - 4*p + 3*v = -20. What is the tens digit of 118 + 2 - (-3 - p)?
2
What is the tens digit of (90/(-35))/(10/(-2590))?
6
Suppose -4*l = -z + 11, -5*z = 6*l - 4*l - 121. Suppose -234 = z*r - 26*r. What is the tens digit of r?
7
Let q = -14 - 1. Let z = -11 - q. What is the units digit of (-6 + 1)*(-1 - z)?
5
Let n(t) = 682*t + 149. What is the hundreds digit of n(3)?
1
Let g(u) = u**2 + 6*u + 12. Let l be g(-9). Let f = 27 + l. What is the units digit of f?
6
Suppose 5*w + 11*g - 4191 = 7*g, -3*g = 5*w - 4192. What is the units digit of w?
9
Let u(r) = -r + 46. What is the tens digit of u(-1)?
4
Let u(y) = -y + 14. Let l be u(10). Suppose -l*h - 104 = -6*h. What is the units digit of h?
2
Let l(q) = -378*q - 384. What is the hundreds digit of l(-5)?
5
Suppose 2*d + 0*u - 5*u - 1837 = 0, -4*u = -d + 926. What is the units digit of d?
6
Suppose 10*p - 5*i = 5*p + 40, 0 = -p - 3*i - 12. Suppose 3*w - 2 = w, 0 = 5*h - p*w - 27. Let n = 13 - h. What is the units digit of n?
7
Let x be (15/3*4)/(-1). What is the tens digit of (0 - (-2238)/14) + x/(-140)?
6
Let j be (4/6)/((-2)/(-3)). Let l be j - -1*(2 + -4). What is the units digit of (7/(-7))/(l 